(d) = 2*d**2 - 3*d. Let a be k(2). Suppose 5*f = -3*y + 17, 5 = a*f - f - y. Suppose -108 = -f*o - 0*o. Calculate the remainder when 107 is divided by o.
26
Let w(p) = -54*p - 319. Calculate the remainder when 187/7 + 6/21 is divided by w(-6).
2
Let n(i) = 5*i**2 - 2*i - 5. Calculate the remainder when 550 is divided by n(-2).
18
Let u be -4 - 6*(-4)/(-8). Let p be (13 + (-4 - u))*-4. Calculate the remainder when 37 is divided by (p/4)/(-1) - 3.
11
What is the remainder when 208 is divided by 9/(-12)*(-220)/15?
10
Let n = 380 - 352. Calculate the remainder when 16590/54 + (-4)/18 is divided by n.
27
Suppose -449 = -g - 4*c - 133, 2*g - 668 = 4*c. What is the remainder when g is divided by 37?
32
Suppose 21*x - 1728 = -11*x. Suppose 3*i - 17 = 3*k + 79, 16 = -4*k. Calculate the remainder when x is divided by i.
26
Let w = -475 - -489. What is the remainder when 105 is divided by w?
7
Suppose -9*z + 10*z + 18 = 0. Let i = 67 + z. Let b(s) = s**2 - 2*s + 2. What is the remainder when i is divided by b(5)?
15
Let l(q) = 4*q**2 + 76*q - 63. What is the remainder when 84 + -2*(-3)/(-6) is divided by l(-20)?
15
Suppose -13109*h = -13090*h - 874. Let m be ((-17)/(-2))/(1/2). Let c = -1 + m. What is the remainder when h is divided by c?
14
Suppose -3*w - 2*o - 2*o + 344 = 0, 5*o = -4*w + 460. Calculate the remainder when w is divided by 35.
15
Let v = 86 - 50. Suppose -54*j + 304 = -38*j. Calculate the remainder when v is divided by j.
17
Suppose 5*t = 4 + 6, -n = -2*t - 10. Calculate the remainder when 27 is divided by n.
13
Let u = -206 + 20. Let n = -121 - u. Calculate the remainder when n is divided by 18.
11
Suppose -2*p + 4 = -4*p, -3*y + 4*p = -353. What is the remainder when y is divided by 17?
13
Let k = 55 - 65. Calculate the remainder when 2/(8/k*20/(-136)) is divided by 9.
8
Let j be (-110)/(-9) - (170/(-45) + 4). Suppose 13*l = j*l + 16. Calculate the remainder when 77 is divided by l.
13
Let s(u) = 38*u + 407. Calculate the remainder when s(-10) is divided by 6.
3
Let n = -46 - -91. Let b = -21 - -44. Calculate the remainder when n is divided by b.
22
Suppose 3*t - 9 = 3*n, -4*t = n + 3*n + 28. Let o(u) = -u**2 + 2*u - 1. Let c be o(3). What is the remainder when 53 is divided by t/c - 70/(-4)?
17
Let b be (120/(-14))/(31/(-434)). Suppose -9*p + b = -6*p. What is the remainder when p is divided by 12?
4
Let u = -27 + 62. What is the remainder when u is divided by 18?
17
Suppose 0 = -2*x + 28 + 20. Calculate the remainder when x is divided by 14.
10
Let n = 5 - 0. Suppose 0 = z - 4*j - 3, 5*z + n*j - 140 = -0*j. Calculate the remainder when 91 is divided by z.
22
Suppose -5*f = 1 - 6. Let j = f + 2. What is the remainder when 9 is divided by j?
0
Let d = -6 + 16. Suppose -3*o = -13 + d. Calculate the remainder when (637/(-52))/(o/(-4)) is divided by 17.
15
Suppose -4*t - 5*h + 52 = 0, 0*h = -4*t - 3*h + 52. Calculate the remainder when 1*56 - -2*(-42)/(-12) is divided by t.
11
Let u = 28 - 28. Let h = u - 9. Let z = 78 - h. Calculate the remainder when z is divided by 22.
21
Suppose 0 = -7*t + 2 + 12. Suppose 0*g - 10 = -2*g. Suppose -g*m - 11 = -31. What is the remainder when m is divided by t?
0
Let b(o) = o**2 - 7*o + 18. Calculate the remainder when b(-7) is divided by 17.
14
Let i(g) = g + 43. Calculate the remainder when i(-28) is divided by 12.
3
Let b(v) = 3*v**2 + 102*v - 86. What is the remainder when b(-36) is divided by 19?
16
Suppose -541*a + 589*a - 4944 = 0. Calculate the remainder when a is divided by 9.
4
Let n(c) = -2*c - 2. Let l(o) = 8*o + 7. Let x(q) = 4*l(q) + 18*n(q). Calculate the remainder when 21 is divided by x(-4).
5
Let a(k) = 19*k + 1. Let i be 1/(-1) + 0 + 2. Let h(p) = p**2 - 2*p + 7. Calculate the remainder when a(i) is divided by h(0).
6
Suppose -3611 = -28*i - 3387. Suppose -3*k - 148 = -10. Let h = k + 92. What is the remainder when h is divided by i?
6
Suppose 40*t = 34*t + 90. Suppose -o = -12 - t. Calculate the remainder when 107 is divided by o.
26
Suppose -201*w + 198*w + 162 = 0. What is the remainder when 321 is divided by w?
51
Suppose 5*x + 3*f + 129 = 0, 3*f - 18 + 75 = -2*x. Let t = 53 + x. Let o = 6623 + -6540. Calculate the remainder when o is divided by t.
25
Let f(x) = -30*x + 44. Calculate the remainder when f(-16) is divided by 25.
24
Suppose 81 = 5*s - 144. Let x be 186/45 + (-6)/s. Suppose -k - 98 = x*t - 5*t, k = 3. What is the remainder when t is divided by 26?
23
Let a(d) = 8*d**3 - 1. Let p be a(-1). Suppose -5*s - 25 = n, -n + 5 = -2*s + s. Let h = n - p. Calculate the remainder when h is divided by 6.
3
Suppose -379*h = -517*h + 2622. Let o(w) = w**2 + 7*w - 2. Let y be o(-6). Let c = y - -13. What is the remainder when h is divided by c?
4
Let z(p) = -94*p - 267. Calculate the remainder when 36 is divided by z(-3).
6
Suppose 7*f = 4*f + 114. Let c = -18 + f. What is the remainder when 77 is divided by c?
17
Suppose -7*t + 5 + 2 = 0. Suppose -x = -h + 11, -x = h - 2 - t. Calculate the remainder when 40 is divided by h.
5
What is the remainder when (10/(-8))/(8/(-672)) + -4 is divided by 23?
9
Calculate the remainder when 84 is divided by (6 + (-38)/6 + 6)*3.
16
Let h(b) = b**3 + 8*b**2 + 4*b + 2. Let t be h(-7). Let m = 51 - t. Calculate the remainder when m is divided by 15.
13
Let k(c) = 7*c + 1. What is the remainder when 57 is divided by k(4)?
28
Suppose -9*u + 878 = -679. What is the remainder when u is divided by 59?
55
Suppose 5*g + 192 = -3*a + 595, 103 = g - 5*a. Calculate the remainder when 94 is divided by g.
11
Let z(q) be the second derivative of q**4/12 + 2*q**3/3 - 5*q**2 - q. What is the remainder when 170 is divided by z(5)?
30
Calculate the remainder when -9*(6/(-4))/(22/44) is divided by 9.
0
Let x be ((-3)/4)/(27/(-144)). Suppose r = x*y - 158, y + 3*r - 2*r = 42. What is the remainder when y is divided by 17?
6
Suppose 0 = -3*t + 12, 8*z - 4*t = 4*z + 292. Let l be -17 + (-1*6)/2. Calculate the remainder when z/4 - (-5)/l is divided by 7.
5
Let w(q) = q - 2 - 2*q - 1. Let c be w(-3). Suppose -3*t = -5*a - c*a + 21, -4*t = -2*a. What is the remainder when a is divided by 4?
2
Let d(u) = 3*u - 1. Let p be d(1). Suppose -2*z = 2, p*z + 89 + 21 = 4*a. Suppose 2*m = a + 35. What is the remainder when m is divided by 8?
7
Let b be 1/4 + 21/28. Suppose -b = 4*n - 13. Let g = 19 + n. What is the remainder when g is divided by 8?
6
Let d(c) = -c**2 - 11*c - 7. Let a be d(-8). Let p = 6 + a. Suppose -6*n + 134 = -4*n - 2*r, 0 = 4*r. Calculate the remainder when n is divided by p.
21
Let p = 53 - 125. Let b = p - -123. What is the remainder when b is divided by 29?
22
Let f(c) = -c**3 - 16*c**2 - 33*c - 50. Calculate the remainder when 177 is divided by f(-14).
17
Suppose 124 - 19 = 5*n. Let a = -15 + n. Suppose -2*x = -7*x + 4*j + 75, 2*x - 30 = -3*j. What is the remainder when x is divided by a?
3
Let f = 51 + -36. Let q(u) = -u**3 + 14*u**2 + 17*u + 1. What is the remainder when 59 is divided by q(f)?
28
Let g be ((-1)/(14/(-8)))/(30/105). Suppose -g*h - 232 = -6*h. Calculate the remainder when h is divided by 15.
13
Let d be 7/(-3*(-4)/(-24)). Let i(v) = v**3 + 15*v**2 + 12*v - 19. Let m(t) = t**3 + 9*t**2 + 8*t. Calculate the remainder when m(-7) is divided by i(d).
6
Suppose 0 = -5*l - 5*m - 1 + 41, l + 3*m - 14 = 0. Let i(k) = -4*k - 4. Calculate the remainder when i(-3) is divided by l.
3
Suppose 9 = u + 7. Suppose 0 = 3*g - 3*o + 6 - 21, 0 = u*o + 4. Suppose 0 = -4*s - 2*m + 86, 2*s + 0 - 49 = -g*m. What is the remainder when 59 is divided by s?
19
Suppose 0 = j, 0*j - j + 280 = 5*a. Let b = a - 37. What is the remainder when b is divided by 10?
9
Suppose -2*b = 4*z - 2, 3*z = -2*z - 4*b - 5. Suppose 5*d + 2*r = r, 0 = 3*d - z*r. Let n(v) = v + 59. What is the remainder when n(d) is divided by 15?
14
Suppose 0 = 5*k + 5*i, -3*k - 5*i = -1 - 3. Let w(d) = 0*d**2 + 3*d**2 + 0*d**2 + 2 + 3*d**2. What is the remainder when 77 is divided by w(k)?
25
Suppose 38*t + 209 = 779. Suppose -3*z - 57 = -2*n + 35, 2 = z. Calculate the remainder when n is divided by t.
4
Let j = 32 - 31. Suppose -53 = -2*p - 5*o, -p - o - j = -4*o. Suppose -4*d + 8*d - 104 = 0. Calculate the remainder when d is divided by p.
12
Let s be 54/7 + (4/7)/2. Suppose -s = -k - 4*z, k - z = 3*z 